 + 46. Determine q(14).
-24
Let k(d) = -61167*d - 60958. What is k(-1)?
209
Let t(l) = -11*l**2 + 72*l + 4445. Calculate t(-17).
42
Let i(q) = 263*q**3 - 6837*q**2 - 146*q + 3133. Give i(26).
13
Let m(g) = 47438*g - 379503. What is m(8)?
1
Let w(n) = 92*n**3 + 100559*n**2 + 3278*n - 1097. Calculate w(-1093).
-4
Let c(z) = -36*z**2 - 8744*z - 8747. What is c(-1)?
-39
Let x(z) = 4230*z - 452648. What is x(107)?
-38
Let n(q) = 21*q**2 + 1247*q + 3981. What is n(-56)?
5
Let n(l) = 4959*l - 84436. Determine n(17).
-133
Let k(z) = 1690*z - 23616. Calculate k(14).
44
Let a(m) = m**3 + 63*m**2 - 211*m - 9406. Determine a(-64).
2
Let y(j) = -3*j**2 + 66*j - 535. Give y(22).
-535
Let o(x) = 19*x + 5741. Give o(-308).
-111
Let w(j) = -j**2 + 136*j + 5974. Calculate w(-35).
-11
Let u(v) = 31424*v + 157746. Determine u(-5).
626
Let y(b) = 6*b**3 - 1613*b**2 - 254*b - 3972. What is y(269)?
63
Let m(d) = 689*d - 8232. What is m(12)?
36
Let v(l) = -5*l**2 + 317*l + 538. Calculate v(65).
18
Let n(j) = -5980*j**2 + 1230*j + 1231. Give n(-1).
-5979
Let a(f) = -4534*f - 680130. Calculate a(-150).
-30
Let u(g) = 14*g**2 + 63*g - 58. What is u(12)?
2714
Let q(g) = 446*g**2 + 773*g - 11. Calculate q(-2).
227
Let t(k) = -6857*k + 68596. Calculate t(10).
26
Let b(f) = -2*f**3 + 195*f**2 + 17821*f + 645. Calculate b(155).
25
Let a(f) = f**3 + 83*f**2 + 944*f + 2189. What is a(-10)?
49
Let i(m) = m**2 + 615*m + 93554. Determine i(-336).
-190
Let f(t) = -18579*t + 11741936. Determine f(632).
8
Let z(t) = 309*t + 5852. Calculate z(-19).
-19
Let r(d) = -2*d**3 - 187*d**2 + 371*d + 8150. Give r(-95).
-20
Let x(h) = 27847*h + 55782. Give x(-2).
88
Let n(o) = o**3 + 24*o**2 + 601*o + 15578. What is n(-25)?
-72
Let x(a) = a**2 - 101*a + 1792. Give x(34).
-486
Let h(l) = -2*l**3 + 66*l**2 + 141*l + 205. Give h(37).
-5530
Let x(o) = -2*o**3 - 4*o**2 + 50*o + 355. Give x(-9).
1039
Let a(c) = -37*c**3 + 889*c**2 + 6*c + 62. What is a(24)?
782
Let x(p) = p**3 - 90*p**2 + 605*p - 2050. Determine x(83).
-58
Let o(l) = -1728*l - 7090. Calculate o(-5).
1550
Let s(t) = 7*t - 1300. Determine s(57).
-901
Let q(f) = -2*f**3 - 59*f**2 - 385*f + 77. Calculate q(-10).
27
Let a(h) = -h**2 + 247*h - 10319. Determine a(194).
-37
Let o(a) = -3*a**2 - 1458*a - 126395. Give o(-113).
52
Let t(m) = 4*m**3 + 10*m**2 + 13121*m + 26232. What is t(-2)?
-2
Let c(u) = 2717*u**3 - 56*u**2 + 59*u - 1. What is c(1)?
2719
Let h(v) = 4*v**3 + 1124*v**2 - 1117*v + 3042. Determine h(-282).
-60
Let u(v) = -13*v**2 - 987*v - 16219. Determine u(-52).
-47
Let m(w) = -w**3 + 13*w**2 - 3*w - 49. Calculate m(10).
221
Let i(s) = -s**3 + 94*s**2 + 943*s - 117281. Give i(90).
-11
Let f(a) = -3*a**3 + 39*a**2 - 179*a + 2267. Calculate f(13).
-60
Let w(a) = a**3 - a**2 - 604*a + 1831. Calculate w(3).
37
Let m(y) = 4*y**2 - 81421*y + 732458. Determine m(9).
-7
Let c(y) = -y**3 + 10*y**2 - 38*y + 406. Give c(11).
-133
Let u(h) = -987*h + 8172. Calculate u(8).
276
Let m(f) = -144*f**2 - 28797*f + 652. What is m(-200)?
52
Let a(l) = l**3 + 71*l**2 - 8*l - 468. Give a(-71).
100
Let w(k) = 999*k + 6308. Give w(-5).
1313
Let i(z) = -z**3 - 20*z**2 - 147*z - 473. Determine i(-10).
-3
Let n(i) = -36211*i + 72437. Determine n(2).
15
Let k(p) = -172908*p + 75906615. Determine k(439).
3
Let i(w) = 635*w**2 - 148590*w - 6. Calculate i(234).
-6
Let z(n) = -1853*n + 592958. What is z(320)?
-2
Let l(t) = -3066*t + 438237. Give l(143).
-201
Let f(q) = 2*q**2 - 817*q + 70463. Give f(124).
-93
Let h(k) = -65*k**3 + 198*k**2 + 241*k - 727. Determine h(3).
23
Let i(b) = 36*b**3 - 13104*b**2 - 3*b + 1094. Determine i(364).
2
Let d(u) = 26*u**2 - 23299*u - 46591. Determine d(-2).
111
Let u(x) = -7*x**2 + 393*x - 5515. Calculate u(27).
-7
Let a(n) = 2667*n - 39731. Give a(15).
274
Let d(r) = -5*r**2 + 193*r + 2589. What is d(49)?
41
Let o(k) = 2*k**3 - 148*k**2 + 163*k - 1240. Give o(73).
1
Let q(i) = -7*i**2 - 3*i - 1633. Calculate q(0).
-1633
Let z(f) = -2*f**3 + 89*f**2 - 59*f - 2683. Determine z(43).
327
Let x(u) = 5*u**3 + 407*u**2 + 209*u + 3789. What is x(-81)?
-18
Let h(d) = -1441*d - 62439. What is h(-43)?
-476
Let u(z) = -2252*z - 26925. Give u(-12).
99
Let j(p) = 20*p**2 + 44*p - 921. Give j(6).
63
Let h(r) = 2*r**2 - 1509*r + 163866. What is h(623)?
17
Let v(d) = 54*d**2 - 1264*d - 3652. Give v(26).
-12
Let u(l) = -55*l**2 - 743*l + 7163. Give u(-20).
23
Let q(y) = y**3 + 11*y**2 - 174*y - 1905. Determine q(-12).
39
Let d(h) = -34*h**2 + 18931*h + 3924. Give d(557).
25
Let z(f) = f**3 + 45*f**2 + 160*f - 18. Calculate z(-41).
146
Let u(z) = 92*z**3 - z**2 + 254*z + 255. Determine u(-1).
-92
Let a(z) = 2729*z + 71337. Calculate a(-26).
383
Let b(s) = -10*s**2 - 3425*s + 86044. Determine b(-366).
34
Let a(o) = -o**3 - 31*o**2 + 81*o + 927. What is a(-32)?
-641
Let z(p) = -p**3 + 91*p**2 + 7242*p + 54. Give z(-51).
54
Let u(k) = -2*k**2 - 69*k - 539. Calculate u(-25).
-64
Let w(s) = -2*s**2 + 57*s - 84. Calculate w(49).
-2093
Let c(o) = -5*o**2 + 13700*o + 192783. Give c(-14).
3
Let l(b) = -7*b**3 - 13*b**2 + 139*b + 113. Determine l(4).
13
Let d(r) = -51156*r - 562124. Give d(-11).
592
Let f(n) = 64*n**2 + 176*n - 452. Determine f(3).
652
Let l(n) = -n**3 - 5*n**2 + 201*n - 528. Give l(11).
-253
Let s(v) = -v**3 + 2*v**2 - 181266*v + 543793. Determine s(3).
-14
Let r(a) = -26579*a - 26584. What is r(-1)?
-5
Let t(y) = y**3 + 238*y**2 - 39*y - 9295. What is t(-238)?
-13
Let m(v) = -2*v**3 - 53*v**2 + 1372*v - 2. Give m(16).
190
Let r(p) = -2*p**3 - 35*p**2 + 52*p + 59. Give r(-6).
-1081
Let g(i) = 4*i**2 - 125*i + 121. What is g(43)?
2142
Let y(b) = -b**3 + 22*b**2 + 6390*b - 116311. Give y(18).
5
Let v(m) = -2*m**2 - 4552*m - 700605. Determine v(-166).
-85
Let w(o) = 4148*o - 161770. Determine w(39).
2
Let a(c) = c**3 + 45*c**2 + 38*c - 3808. Give a(-42).
-112
Let m(u) = -26*u**3 - 6*u**2 + 139*u - 143. Determine m(1).
-36
Let r(i) = i**2 - 26*i - 1375. Determine r(-24).
-175
Let p(v) = 129*v - 9330. Give p(74).
216
Let j(m) = -4*m**3 - 5*m**2 + 7*m + 76. What is j(-6)?
718
Let m(f) = 9929*f - 1538967. Give m(155).
28
Let n(l) = -2739*l + 273879. Give n(100).
-21
Let y(t) = -24989*t + 200004. Calculate y(8).
92
Let i(a) = 49*a**2 + 4253*a - 872. Calculate i(-87).
-2
Let s(m) = -22*m**3 + 77*m**2 + 917*m - 2842. Give s(3).
8
Let a(k) = -28*k - 7219. Calculate a(-146).
-3131
Let l(y) = 6*y**2 - 121*y + 313. Calculate l(3).
4
Let w(r) = -34408*r - 434. What is w(0)?
-434
Let s(c) = -5*c**2 - 195*c + 4374. Determine s(-55).
-26
Let t(q) = q**3 - 21*q**2 - 51*q + 510. Determine t(21).
-561
Let w(g) = -2871*g - 1355258. Give w(-472).
-146
Let n(s) = 1168*s - 2316. Give n(2).
20
Let a(o) = 2*o**3 - 583*o**2 - 1350*o - 35283. Determine a(294).
-3
Let l(n) = -65*n**3 + 2920*n**2 + 221*n + 177. Give l(45).
-3
Let u(t) = -3*t**3 + 29*t**2 + 128*t - 924. Determine u(11).
0
Let f(m) = -7*m**2 - 133*m - 1344. What is f(-12)?
-756
Let j(c) = -c**3 + 341*c**2 + 7226*c - 2159. Calculate j(361).
7
Let y(c) = -2*c**2 - 118*c + 587. What is y(-69)?
-793
Let b(x) = -105*x**2 + 185*x + 184. Give b(-1).
-106
Let f(w) = 2*w**2 - 25*w - 77. Give f(9).
-140
Let m(y) = -1291*y + 56744. Calculate m(44).
-60
Let s(u) = -3*u**2 + 1418*u + 54955. Calculate s(-36).
19
Let j(f) = 530*f**2 + 7*f - 9. Give j(-2).
2097
Let k(w) = 235842*w + 6603580. Determine k(-28).
4
Let l(p) = p**2 - 77*p - 863. Give l(93).
625
Let i(t) = 889*t + 2152. Calculate i(-3).
-515
Let r(s) = -59184*s + 9942891. Give r(168).
-21
Let b(u) = -10*u**2 - 359*u + 418. What is b(-37)?
11
Let c(n) = 73*n**3 - 3944*n**2 + 120*n - 644. Determine c(54).
4
Let u(k) = -6*k**2 + 1712*k - 17131. Determine u(10).
-611
Let z(g) = 5*g**2 - 352*g - 6206. What is z(85)?
-1
Let i(b) = -129*b + 3427. Calculate i(26).
73
Let y(k) = -k**2 + 14493*k - 361776. What is y(25)?
-76
Let a(p) = 374*p - 53. Give a(-3).
-1175
Let n(d) = -36*d**2 + 2313*d - 579. What is n(64)?
-3
Let y(v) = 2*v**3 + 7*v**2 - 2*v - 42. What is y(-4)?
-50
Let q(g) = -13*g**2 + 212*g + 2227. What is q(-10)?
-1193
Let a(m) = -9*m**2 + 1155*m + 851. What is a(129)?
77
Let t(n) = 10952*n - 22478. Calculate t(2).
-574
Let r(q) = -3141*q - 84832. What is r(-27)?
-25
Let t(n) = -4*n**3 - 72*n**2 - 239*n - 154. What is t(-14)?
56
Let i(y) = -6*y**2 